he remainder when 310797 is divided by 409.
366
What is the remainder when 654 is divided by 82?
80
Calculate the remainder when 6889 is divided by 71.
2
What is the remainder when 17151 is divided by 17124?
27
What is the remainder when 5339 is divided by 67?
46
What is the remainder when 9435 is divided by 11?
8
What is the remainder when 55535 is divided by 51?
47
What is the remainder when 21481 is divided by 65?
31
What is the remainder when 40895 is divided by 242?
239
Calculate the remainder when 96375 is divided by 286.
279
Calculate the remainder when 22502 is divided by 58.
56
What is the remainder when 2075 is divided by 73?
31
What is the remainder when 20907 is divided by 237?
51
What is the remainder when 20203 is divided by 6734?
1
What is the remainder when 245540 is divided by 39?
35
What is the remainder when 28848 is divided by 41?
25
What is the remainder when 13052 is divided by 2078?
584
Calculate the remainder when 3836 is divided by 321.
305
Calculate the remainder when 699 is divided by 6.
3
Calculate the remainder when 477866 is divided by 102.
98
Calculate the remainder when 67597 is divided by 52.
49
What is the remainder when 84842 is divided by 334?
6
What is the remainder when 87601 is divided by 80?
1
What is the remainder when 1386 is divided by 910?
476
What is the remainder when 257161 is divided by 142?
141
Calculate the remainder when 27187 is divided by 96.
19
Calculate the remainder when 11638 is divided by 267.
157
What is the remainder when 231476 is divided by 9?
5
Calculate the remainder when 10697 is divided by 75.
47
What is the remainder when 44912 is divided by 197?
193
Calculate the remainder when 2522 is divided by 127.
109
What is the remainder when 10905 is divided by 53?
40
Calculate the remainder when 3973 is divided by 1321.
10
What is the remainder when 12626 is divided by 2931?
902
What is the remainder when 1155 is divided by 158?
49
What is the remainder when 31210 is divided by 2418?
2194
What is the remainder when 321625 is divided by 7147?
10
What is the remainder when 263058 is divided by 6?
0
What is the remainder when 3096 is divided by 24?
0
What is the remainder when 2257 is divided by 386?
327
What is the remainder when 17623 is divided by 2051?
1215
Calculate the remainder when 428865 is divided by 1083.
1080
Calculate the remainder when 1267 is divided by 407.
46
Calculate the remainder when 530 is divided by 474.
56
Calculate the remainder when 2835 is divided by 170.
115
What is the remainder when 99229 is divided by 89?
83
What is the remainder when 15185 is divided by 949?
1
What is the remainder when 446142 is divided by 74356?
6
What is the remainder when 2181 is divided by 1085?
11
What is the remainder when 22432 is divided by 5601?
28
Calculate the remainder when 1228191 is divided by 445.
436
Calculate the remainder when 1700 is divided by 325.
75
What is the remainder when 252635 is divided by 27?
23
Calculate the remainder when 155337 is divided by 38834.
1
Calculate the remainder when 26303 is divided by 127.
14
What is the remainder when 216521 is divided by 54?
35
What is the remainder when 21835 is divided by 10904?
27
What is the remainder when 1115 is divided by 200?
115
Calculate the remainder when 1578 is divided by 58.
12
Calculate the remainder when 11930 is divided by 1971.
104
Calculate the remainder when 5044 is divided by 942.
334
What is the remainder when 27077 is divided by 27?
23
What is the remainder when 155645 is divided by 16?
13
Calculate the remainder when 6509 is divided by 16.
13
What is the remainder when 6737 is divided by 1542?
569
What is the remainder when 9688 is divided by 606?
598
What is the remainder when 223 is divided by 165?
58
Calculate the remainder when 21496 is divided by 4299.
1
Calculate the remainder when 167073 is divided by 205.
203
What is the remainder when 454 is divided by 208?
38
What is the remainder when 117279 is divided by 724?
715
Calculate the remainder when 39326 is divided by 46.
42
Calculate the remainder when 1762 is divided by 336.
82
What is the remainder when 5722 is divided by 23?
18
What is the remainder when 124805 is divided by 41599?
8
Calculate the remainder when 156151 is divided by 273.
268
Calculate the remainder when 148724 is divided by 148707.
17
Calculate the remainder when 76428 is divided by 10917.
9
What is the remainder when 37122 is divided by 312?
306
What is the remainder when 29661 is divided by 925?
61
What is the remainder when 1180 is divided by 1173?
7
Calculate the remainder when 55859 is divided by 147.
146
What is the remainder when 3762 is divided by 609?
108
Calculate the remainder when 199367 is divided by 24919.
15
Calculate the remainder when 3082307 is divided by 77.
74
What is the remainder when 86001 is divided by 5052?
117
What is the remainder when 199861 is divided by 1204?
1201
What is the remainder when 575 is divided by 9?
8
Calculate the remainder when 22196 is divided by 601.
560
What is the remainder when 1406 is divided by 1159?
247
What is the remainder when 75178 is divided by 5780?
38
What is the remainder when 2018 is divided by 46?
40
Calculate the remainder when 3111 is divided by 258.
15
Calculate the remainder when 1381 is divided by 463.
455
Calculate the remainder when 2195 is divided by 1384.
811
What is the remainder when 21874 is divided by 21654?
220
What is the remainder when 2676 is divided by 269?
255
Calculate the remainder when 4221 is divided by 1172.
705
What is the remainder when 3977 is divided by 1280?
137
Calculate the remainder when 2037 is divided by 170.
167
Calculate the remainder when 3733 is divided by 3677.
56
What is the remainder when 94977 is divided by 629?
627
What is the remainder when 10259 is divided by 130?
119
Calculate the remainder when 943291 is divided by 201.
199
Calculate the remainder when 256828 is divided by 462.
418
Calculate the remainder when 93936 is divided by 23483.
4
What is the remainder when 8877 is divided by 2421?
1614
Calculate the remainder when 59392 is divided by 28.
4
What is the remainder when 20249 is divided by 2523?
65
Calculate the remainder when 27717 is divided by 11.
8
Calculate the remainder when 3347 is divided by 197.
195
Calculate the remainder when 129071 is divided by 3796.
7
Calculate the remainder when 97367 is divided by 29.
14
Calculate the remainder when 643034 is divided by 321512.
10
Calculate the remainder when 81392 is divided by 114.
110
Calculate the remainder when 1210 is divided by 479.
252
Calculate the remainder when 8450 is divided by 7.
1
Calculate the remainder when 2822 is divided by 575.
522
What is the remainder when 171431 is divided by 581?
36
Calculate the remainder when 93949 is divided by 13419.
16
What is the remainder when 954176 is divided by 570?
566
What is the remainder when 2609 is divided by 817?
158
What is the remainder when 15828 is divided by 3132?
168
What is the remainder when 9520 is divided by 23?
21
Calculate the remainder when 2741 is divided by 194.
25
What is the remainder when 9063 is divided by 395?
373
What is the remainder when 1408 is divided by 185?
113
Calculate the remainder when 1500 is divided by 103.
58
Calculate the remainder when 46004 is divided by 517.
508
Calculate the remainder when 4934 is divided by 1644.
2
What is the remainder when 246356 is divided by 93?
92
What is the remainder when 10600 is divided by 39?
31
Calculate the remainder when 78816 is divided by 657.
633
What is the remainder when 2521 is divided by 97?
96
What is the remainder when 401 is divided by 24?
17
Calculate the remainder when 10483 is divided by 3487.
22
Calculate the remainder when 2538 is divided by 551.
334
What is the remainder when 193236 is divided by 11?
10
What is the remainder when 6869 is divided by 624?
5
Calculate the remainder when 248916 is divided by 71.
61
Calculate the remainder when 13936 is divided by 13926.
10
Calculate the remainder when 130607 is divided by 1839.
38
What is the remainder when 47814 is divided by 2390?
14
Calculate the remainder when 52802 is divided by 874.
362
What is the remainder when 7627 is divided by 375?
127
What is the remainder when 1466 is divided by 267?
131
Calculate the remainde